5, 41, 167
What are the prime factors of 8888627?
11, 887, 911
What are the prime factors of 8431269?
3, 7, 11, 17, 19, 113
What are the prime factors of 3846295?
5, 769259
List the prime factors of 160575.
3, 5, 2141
List the prime factors of 6084521.
17, 357913
List the prime factors of 6761641.
103, 65647
What are the prime factors of 2088690?
2, 3, 5, 69623
List the prime factors of 108292.
2, 27073
What are the prime factors of 94804?
2, 137, 173
List the prime factors of 1322494.
2, 101, 6547
List the prime factors of 11503084.
2, 17, 139, 1217
List the prime factors of 2963419.
421, 7039
List the prime factors of 2091104.
2, 101, 647
What are the prime factors of 1613384?
2, 201673
What are the prime factors of 16476986?
2, 8238493
What are the prime factors of 185870?
2, 5, 18587
What are the prime factors of 536141?
536141
List the prime factors of 2910514.
2, 1455257
What are the prime factors of 1403161?
23, 61007
List the prime factors of 8937873.
3, 7, 141871
List the prime factors of 2753608.
2, 11, 13, 29, 83
What are the prime factors of 7615518?
2, 3, 1269253
What are the prime factors of 190682?
2, 67, 1423
What are the prime factors of 681464?
2, 7, 43, 283
List the prime factors of 5593074.
2, 3, 349, 2671
What are the prime factors of 465533?
151, 3083
List the prime factors of 96617.
79, 1223
What are the prime factors of 354337?
354337
What are the prime factors of 268481?
17, 929
What are the prime factors of 6446024?
2, 13, 61981
List the prime factors of 746607.
3, 248869
What are the prime factors of 32055627?
3, 10685209
List the prime factors of 3251830.
2, 5, 433, 751
What are the prime factors of 2644894?
2, 7, 17, 11113
What are the prime factors of 567192?
2, 3, 23633
What are the prime factors of 70056?
2, 3, 7, 139
List the prime factors of 33531022.
2, 7, 47, 131, 389
What are the prime factors of 626042?
2, 17, 18413
What are the prime factors of 11516729?
7, 701, 2347
List the prime factors of 1249591.
7, 178513
What are the prime factors of 399816?
2, 3, 617
What are the prime factors of 1463389?
101, 14489
List the prime factors of 105720.
2, 3, 5, 881
What are the prime factors of 3155635?
5, 7, 29, 3109
What are the prime factors of 817509?
3, 7, 11, 3539
List the prime factors of 122945.
5, 67, 367
What are the prime factors of 732452?
2, 7, 37, 101
What are the prime factors of 2239194?
2, 3, 373199
List the prime factors of 160449.
3, 79, 677
What are the prime factors of 2055938?
2, 1027969
List the prime factors of 7984402.
2, 3992201
What are the prime factors of 2388472?
2, 298559
List the prime factors of 23375688.
2, 3, 7, 61, 2281
List the prime factors of 39117170.
2, 5, 17, 230101
What are the prime factors of 118011?
3, 139, 283
What are the prime factors of 1473012?
2, 3, 23, 593
List the prime factors of 189771.
3, 17, 61
List the prime factors of 15733975.
5, 263, 2393
List the prime factors of 3216699.
3, 109, 1093
What are the prime factors of 1259957?
347, 3631
List the prime factors of 1351990.
2, 5, 353, 383
What are the prime factors of 11043738?
2, 3, 59, 10399
List the prime factors of 525641.
525641
What are the prime factors of 6704501?
197, 34033
List the prime factors of 56278.
2, 19, 1481
List the prime factors of 4022359.
11, 365669
List the prime factors of 182894.
2, 19, 4813
What are the prime factors of 25975?
5, 1039
List the prime factors of 1979653.
13, 197, 773
List the prime factors of 3801705.
3, 5, 253447
What are the prime factors of 2216336?
2, 71, 1951
List the prime factors of 29955790.
2, 5, 2995579
List the prime factors of 116421.
3, 151, 257
List the prime factors of 22056.
2, 3, 919
List the prime factors of 256511.
199, 1289
List the prime factors of 748887.
3, 59, 4231
What are the prime factors of 1537843?
127, 12109
What are the prime factors of 1254794?
2, 83, 7559
List the prime factors of 571136.
2, 23, 97
What are the prime factors of 875257?
307, 2851
List the prime factors of 665842.
2, 332921
What are the prime factors of 36081?
3, 19, 211
What are the prime factors of 9878337?
3, 7, 156799
List the prime factors of 184730.
2, 5, 7, 13, 29
What are the prime factors of 232859?
11, 21169
What are the prime factors of 3777642?
2, 3, 11, 19079
List the prime factors of 1328348.
2, 7, 47441
What are the prime factors of 1209348?
2, 3, 7, 4799
List the prime factors of 379069.
19, 71, 281
List the prime factors of 131013.
3, 14557
List the prime factors of 931538.
2, 29, 16061
What are the prime factors of 234734?
2, 241, 487
List the prime factors of 353089.
11, 32099
List the prime factors of 1479322.
2, 13, 56897
List the prime factors of 6605305.
5, 7, 41, 4603
What are the prime factors of 4492433?
11, 408403
List the prime factors of 216531.
3, 7, 491
What are the prime factors of 1136777?
127, 8951
What are the prime factors of 58024?
2, 7253
List the prime factors of 199662.
2, 3, 107, 311
What are the prime factors of 643926?
2, 3, 17, 59, 107
List the prime factors of 257189.
257189
List the prime factors of 358449.
3, 7, 13, 101
What are the prime factors of 31640?
2, 5, 7, 113
What are the prime factors of 839115?
3, 5, 29, 643
List the prime factors of 36451277.
36451277
List the prime factors of 3018034.
2, 199, 7583
List the prime factors of 869305.
5, 173861
List the prime factors of 8632839.
3, 809, 3557
What are the prime factors of 230649?
3, 76883
What are the prime factors of 3647445?
3, 5, 73, 3331
List the prime factors of 3436233.
3, 1145411
What are the prime factors of 286820?
2, 5, 14341
What are the prime factors of 9773401?
11, 31, 28661
What are the prime factors of 745545?
3, 5, 23, 2161
List the prime factors of 8900977.
23, 41, 9439
List the prime factors of 63131.
63131
What are the prime factors of 1151662?
2, 37, 79, 197
List the prime factors of 1450096.
2, 90631
List the prime factors of 44438068.
2, 17, 653501
What are the prime factors of 1038975?
3, 5, 7, 1979
List the prime factors of 1562493.
3, 31, 53, 317
List the prime factors of 13176428.
2, 17, 193771
List the prime factors of 1753087.
7, 250441
What are the prime factors of 124697?
19, 6563
What are the prime factors of 831905?
5, 379, 439
List the prime factors of 135496.
2, 16937
What are the prime factors of 608587?
7, 227, 383
List the prime factors of 17965395.
3, 5, 7, 6337
List the prime factors of 126942.
2, 3, 21157
List the prime factors of 106858.
2, 23, 101
List the prime factors of 3588881.
3588881
List the prime factors of 7913706.
2, 3, 311, 4241
List the prime factors of 4562370.
2, 3, 5, 163, 311
List the prime factors of 144976.
2, 13, 17, 41
List the prime factors of 23043017.
23043017
List the prime factors of 1362917.
157, 8681
What are the prime factors of 18093879?
3, 2010431
What are the prime factors of 378678?
2, 3, 63113
What are the prime factors of 303566?
2, 151783
List the prime factors of 2177673.
3, 725891
List the prime factors of 208138.
2, 7, 14867
List the prime factors of 21979589.
17, 31, 179, 233
List the prime factors of 24054256.
2, 421, 3571
List the prime factors of 123300.
2, 3, 5, 137
List the prime factors of 2679064.
2, 17, 19699
List the prime factors of 9672065.
5, 13, 17, 8753
What are the prime factors of 1233970?
2, 5, 123397
List the prime factors of 9366252.
2, 3, 7, 17, 937
What are the prime factors of 1253251?
1253251
List the prime factors of 6276865.
5, 7, 37, 131
What are the prime factors of 201264?
2, 3, 7, 599
What are the prime factors of 1957352?
2, 244669
List the prime factors of 227563.
7, 19, 29, 59
What are the prime factors of 1052660?
2, 5, 7, 73, 103
List the prime factors of 30364401.
3, 521, 19427
List the prime factors of 2487405.
3, 5, 139, 1193
List the prime factors of 1832544.
2, 3, 7, 101
What are the prime factors of 14199040?
2, 5, 11093
List the prime factors of 291434.
2, 11, 13, 1019
List the prime factors of 4362590.
2, 5, 19, 22961
What are the prime factors of 1748911?
1748911
What are the prime factors of 261469?
13, 20113
What are the prime factors of 773105?
5, 154621
What are the prime factors of 773255?
5, 7, 22093
What are the prime factors of 1187392?
2, 18553
List the prime factors of 116417.
7, 16631
List the prime factors of 5093657.
5093657
List